r. What is the highest common factor of o and 195?
15
Let t = -10 + 13. Suppose 4 = d + m, -5 = -t*d - 4*m + 6. Suppose -r + 8*n = 11*n - 52, 5*n = -r + 50. What is the highest common factor of r and d?
5
Let b = -2897 + 2981. Calculate the highest common divisor of b and 1356.
12
Suppose 4*b = 184 + 140. Suppose o + 25 - 17 = 26. What is the greatest common divisor of b and o?
9
Let f = -17340 + 17813. What is the greatest common divisor of f and 2279?
43
Suppose 2*t = -2*t + 280. Let z = t - 16. Let q be ((-48)/2)/(-1)*z/72. What is the highest common factor of 36 and q?
18
Let s be 0 - ((-24)/(-36))/((-4)/78). Suppose 0*y + y = s. What is the highest common factor of 1 and y?
1
Let j = 11020 - 10716. What is the highest common factor of j and 19?
19
Let t(n) = n**2 - 15*n + 36. Let y be t(3). Suppose y = 5*b + 2*b - 189. What is the highest common factor of 297 and b?
27
Let r be 1/(-4) + -3*7/28. Let i be (-24)/r*(-21)/(-14). Calculate the highest common divisor of i and 4.
4
Let c(z) = -z**3 + 21*z**2 - 17*z - 56. Let j be c(20). Suppose -j*a + 4 = 0, -5*w = -5*a - 27 - 8. Calculate the highest common factor of w and 328.
8
Suppose 4*j - 12 + 4 = 0. Let h = 3 + j. Suppose 0*x - 3*x = 3, -h*y + 3*x + 543 = 0. Calculate the highest common divisor of 27 and y.
27
Suppose -2*q = 8, 5*q = v + 17 - 34. Let z be ((-8)/(-4))/(v - 113/(-37)). What is the greatest common factor of z and 3?
1
Let u be (1 + -53)*(-95)/(-20). Let i = 362 + u. Let k = i - 99. What is the greatest common factor of k and 2?
2
Let t = -91 + 68. Let f = t + 142. Let n = f - 11. Calculate the greatest common divisor of n and 81.
27
Let k = -12622 - -12654. What is the highest common divisor of k and 2656?
32
Suppose 371 = -11*f + 1458 - 658. Let b = 96 - 18. What is the highest common divisor of b and f?
39
Let p be 1/1 + 15/1. Let g(s) = 13*s - 131. Let f be g(21). Suppose -n - f = -b, -3*n = 4*b + n - 584. What is the greatest common divisor of b and p?
16
Let u(z) = z**3 + 80*z**2 + 927*z - 236. Let o be u(-65). Calculate the highest common divisor of 84 and o.
28
Let k(i) be the first derivative of i**3 + 3*i**2/2 + 62. Let q be k(3). Let r be -2 - (-5 - -2) - -3. Calculate the highest common factor of q and r.
4
Let o be 184/(-644) + (-10)/14*1. Let j be 6788*(-7)/(-70) + o/(-5). What is the greatest common divisor of j and 7?
7
Suppose -60*o - 25960 = -26620. Let d = -200 + 387. Calculate the highest common divisor of d and o.
11
Let u = 8968 - 8816. Calculate the highest common factor of u and 104.
8
Suppose 14*t - 134 = 286. Let x(h) = 140*h**2 - 3*h + 3. Let d be x(1). What is the greatest common factor of t and d?
10
Let h(i) = -45*i**2 + 453*i - 8. Let u be h(10). What is the highest common divisor of u and 14212?
22
Let g(j) = -3*j**2 - 357*j + 2300. Let d be g(6). Suppose x - 4 = 16. Calculate the greatest common factor of d and x.
10
Suppose 31756 = 256*a - 23027 + 3583. What is the highest common divisor of 120 and a?
40
Suppose -9*p + 132 = 24*p. Suppose 3*v - 3*b = 26 + 28, -p*b + 12 = 2*v. Let j(u) = -23*u + 2. Let i be j(-6). Calculate the greatest common divisor of v and i.
14
Suppose 150 = 2*j + j. Let c be (-68)/6*3 + -6. Let w = c + j. What is the greatest common divisor of 110 and w?
10
Let t(u) = -1675*u - 37 + 1759*u - 11 - 2*u**2 - 63. Let i be t(40). Calculate the highest common divisor of 686 and i.
49
Suppose -3*y = x - 555, -441*y - 172 = -442*y + 4*x. What is the greatest common factor of y and 3634?
46
Let m = -16287 + 17400. Calculate the highest common divisor of m and 567.
21
Let b(u) = 62*u + 3425. Let g be b(-52). Calculate the greatest common divisor of 4489 and g.
67
Let o be -8*((-12)/16 + (-1 - -1)). Suppose o*t + 31 = 511. Calculate the greatest common factor of 15 and t.
5
Suppose 19*c = 15*c. Suppose c*w - w = 3*w. Suppose 0 = 3*p - r + 12 - 35, w = -2*p - 4*r + 6. Calculate the highest common divisor of p and 21.
7
Let w(k) = -3*k**2 - 14*k + 2. Let c be w(-10). Let i be -60 - (0 - ((-12)/(-3) - 2)). Let s = i - c. Calculate the highest common divisor of 20 and s.
20
Suppose 4*t - 962 = 2346. Suppose 6*m - t + 71 = 0. Calculate the highest common factor of m and 7.
7
Suppose 0 = -2*f - 41 + 237. Let s = f - 30. Let z = 77 - s. Calculate the highest common factor of 99 and z.
9
Suppose -10*j - 2 = -12*j. Let k be 1/((-2)/(-66)) - j. Suppose -4*m + 11*t - 12*t = -101, 91 = 4*m - t. What is the greatest common divisor of m and k?
8
Suppose 543*u = 544*u - 1241. Let j = u + -680. What is the highest common divisor of 66 and j?
33
Suppose 176 = -143*c + 154*c. Let k be 36/8*8/(-6). Let v be ((-80)/k)/(2/6). What is the highest common divisor of c and v?
8
Let a be (-8)/16 + (-28)/8 + 4 - -20. What is the highest common factor of 1550 and a?
10
Suppose 83*i - 24216 - 53804 = 0. What is the greatest common divisor of 560 and i?
20
Let q(h) = 24*h + 3984. Let o be q(-164). What is the highest common divisor of 25248 and o?
48
Suppose 3622 - 3945 = 6*b - 23*b. Calculate the highest common factor of 2375 and b.
19
Suppose 2*d + 3*s - 133 = 0, -3*d - 2*s + 78 + 134 = 0. Suppose d = 4*b - 106. Let y = 1181 + -686. Calculate the highest common divisor of y and b.
45
Let s = -310 + 1487. Calculate the highest common factor of s and 321.
107
Let l = -526 - -852. Let a = -146 + l. Calculate the highest common divisor of 30 and a.
30
Suppose -172*t + 93928 = -30*t - 2064. What is the greatest common factor of 182 and t?
26
Let f(x) = 14*x**3 - 2*x**2 - 2*x + 2. Let d be -2*(-3 + 9)/(-6). Let z be f(d). What is the highest common factor of z and 51?
51
Let j(k) = -18*k**3 - 2*k**2 + 2. Let x be j(-2). Let h = x + -48. Let u = h - 58. What is the highest common divisor of u and 80?
16
Let q(b) = b**3 - 11*b**2 + 28*b - 9. Let t be q(7). Let k be t/(-18) - (-86)/4. Calculate the highest common factor of k and 33.
11
Suppose -2*x = 3*b - 10, b = 3*x - 2*x. Let w(k) = -2*k**3 + 10*k**2 - 3*k + 1. Let q be w(x). What is the highest common factor of q and 475?
19
Suppose -6 = 5*j - 2*m, -2*j + 4 = 3*m - 5. Suppose -14*z + z + 65 = j. Suppose n - z*n = -120. What is the greatest common divisor of n and 50?
10
Let n be (6/(-4))/((-758)/7580). Calculate the highest common factor of 219 and n.
3
Suppose -2*u + 4*h + 1428 = 0, h = -2*u + 1574 - 151. Suppose -4*a - 2*c = -8*a + 968, -3*a - 2*c + u = 0. Calculate the highest common factor of 10 and a.
10
Suppose -1148*z + 80 = -1108*z. Calculate the highest common divisor of 6274 and z.
2
Suppose 70 = 3*p - 5*p. Let g = p - -29. Let k be ((-4)/g*207 - -1) + -1. Calculate the highest common divisor of k and 46.
46
Let l(q) = 21*q**2 - 2*q - 1. Let x be l(-1). Let w be 66*(138/345 + 22/20). Calculate the highest common factor of x and w.
11
Let p(h) = 3*h - 8. Let y be p(4). Suppose -2*z = y*z - 792. Let l = 15 - 3. What is the highest common divisor of z and l?
12
Let a(x) = x**3 + 16*x**2 - 15*x - 362. Let z be a(-14). Calculate the greatest common divisor of 1095 and z.
15
Let z(j) = -1299*j - 324. Let p be z(-2). What is the highest common divisor of 6 and p?
6
Let o(a) = 3*a**2 - 8*a - 1. Let d be o(-7). Let j = 207 - d. Calculate the greatest common factor of 65 and j.
5
Suppose -2*c - 257 = -3*s, 0 = c - 3*c + 5*s - 251. Let l = 150 + c. Calculate the greatest common divisor of 119 and l.
17
Let s(v) = 55*v**2 - 24*v**2 + 14*v - 27*v**2 + 78. Let a be s(-5). Calculate the greatest common divisor of a and 48.
12
Let x(z) = -z**2 - 16*z - 6. Let u be x(-7). Let q = 75 - u. Suppose 452 + 3310 = 19*o. Calculate the highest common factor of o and q.
18
Suppose 50*l - 47*l - 858 = 0. Calculate the highest common factor of l and 26.
26
Let d be 33 + -4 + -3 + -2. Let m(f) = 12*f**2 - 14*f + 56. Let b be m(4). Calculate the highest common divisor of b and d.
24
Suppose -10775 = 2*y - 12431. What is the highest common factor of 81 and y?
9
Suppose 26*p - 22*p = -4*l + 156, 0 = -3*p - 2*l + 120. What is the greatest common factor of p and 1106?
14
Let l be (-38 - -4)*19/(-2). Suppose 157 = -245*y + 246*y. Suppose -4*h + y + l = 0. Calculate the highest common divisor of h and 48.
24
Suppose 3*b + 17*d - 10*d - 11790 = 0, -3925 = -b - 4*d. Calculate the highest common divisor of 62 and b.
31
Let j(d) = -1 + 7*